 + 26.
-17
19 - (8 - -21) - (0 - -2)
-12
Calculate (-9 + 5 - -13) + -16 + 0 + 15.
8
Calculate 7 - 2 - (-6 - (-1 + 1 - 10)).
1
What is 5 - (0 + 0 + 4) - (-9 - -22)?
-12
What is (-19 - 11 - -11) + (4 - (-1 + -3))?
-11
What is the value of -10 - (15 + -23 + 9)?
-11
Evaluate 17 + 2 + (-33 - -14).
0
Calculate 27 - (37 - (-17 - -3)).
-24
Evaluate (-48 - -57) + (-23 - (2 + 1)).
-17
Evaluate (13 + (0 - 2) - 9) + (4 - 0).
6
Evaluate 0 + 12 - (68 + -79) - 9.
14
Calculate (-2 - 9) + 16 + (5 - -4).
14
Evaluate (21 + 0 - 7) + -19.
-5
What is the value of -2 - (-3 + 3 + (2 - -18) + 0)?
-22
What is the value of 12 + (13 + -38 - -16)?
3
(8 - (33 - 12)) + 5 - -6
-2
Evaluate -20 + (46 - 55 - (-13 - 2)).
-14
70 + -72 + 16 + 3
17
Evaluate -15 - (0 + (-7 - 7)).
-1
What is the value of -1 + 3 + 1 + 29 + -41 + 11?
2
8 + (-18 - -15) - -19
24
-20 + (-12 - -9) - -8 - -8
-7
What is the value of -10 + 11 - (6 + -5 + 6 + -3)?
-3
Calculate (1 - -12) + (-5 - 3) - (6 - 15).
14
Evaluate 20 - (51 - (-18 + 28)).
-21
Evaluate -17 - -29 - ((-15 - -49) + -6).
-16
Evaluate 9 - 9 - (2 + 4 + (2 - -3)).
-11
Evaluate (-1 + -10 - 0) + 8 + 24 - 8.
13
Calculate 0 - ((-38 - -12) + 15 - -14).
-3
What is 10 - (-8 - -12) - (-10 - -22)?
-6
What is (-3 - (2 - 2 - 2)) + 204 + -200?
3
What is the value of -6 + 3 + (-4 - -6) + 13?
12
Evaluate 42 - (12 - 14) - (6 - -10).
28
Calculate (-13 + 0 - -7) + 1 + 29 - 1.
23
Evaluate -34 - -44 - (11 - 26).
25
What is the value of (18 - (-19 - -32)) + (10 - 0)?
15
Calculate (6 - (-10 + 7)) + (-3 - -1 - -3).
10
Calculate 0 + -1 - 6 - (46 - (41 + 6)).
-6
Calculate (4 - 1 - -27) + -16.
14
Calculate 9 - -3 - (2 + 9 + -7).
8
What is 24 - (49 + -16 + -20)?
11
Calculate 2 + (23 - 19 - (-2 + 11)).
-3
-1 - (-4 + 20 - (-17 + 31))
-3
What is 27 + -1 + -1 - (-11 + 11)?
25
Calculate (-5 - -13) + -14 - (17 + -17).
-6
Calculate 7 + 10 - (-3 - -10).
10
What is the value of 14 - (18 + -25 - -14)?
7
Evaluate -6 - (94 + -115 - (-1 + -5)).
9
What is the value of (2 + -18 - -19 - -36) + (-8 - -1)?
32
What is the value of 3 + 0 - 3 - (-11 + (26 - 11))?
-4
(1 - -7) + (-7 - -7)
8
-26 + 1 + 1 - (-6 - -2)
-20
What is -16 - (-2 - (35 + -26 + (-14 - 2)))?
-21
What is the value of -3 + 5 + -8 + -1 - -8?
1
Calculate -11 + -44 + (100 - 72).
-27
Evaluate (20 + -14 + -11 - (-13 - 0)) + 0.
8
What is the value of -7 + (-2 + 4 - 6) + 0?
-11
Calculate (18 - 5 - (2 - -2)) + -6.
3
(2 - -10) + (-3 - (-16 - (-14 + 1)))
12
14 + (25 - 32) + -30
-23
What is the value of (9 - 33) + 16 + -2?
-10
Calculate -13 - -4 - (3 - 5) - 2.
-9
Calculate 0 + (6 + -11 - (-1 + -2)).
-2
Calculate -6 - (1 + 1 - 3) - 15.
-20
What is (-1 - -9) + (270 - 282) + 11?
7
Evaluate 22 - (3 + (11 - -3)).
5
-1 - (-19 + 48 - 13)
-17
What is -11 + 0 + -19 + (21 - 7)?
-16
(3 - (-7 + 5) - -7) + (2 - 2)
12
What is 474 - 496 - (1 - 35)?
12
What is -4 + (-1 - (2 + 4)) + 15?
4
(0 - 4) + (34 - (7 + 20))
3
-7 - ((-8 - 7) + 9 - -3)
-4
What is -19 - -1 - (1 + 9 - 15)?
-13
What is -3 + (-1 + -20 + 28 + -18 - -6)?
-8
Calculate -5 + 15 + (-2 - -3).
11
What is 0 - (8 - 3 - (4 + -4))?
-5
-12 + (-31 - -16) + 9
-18
Calculate -2 + -3 - (-27 - -14 - -10).
-2
Calculate -53 - -114 - (45 - 15).
31
-6 - (-4 - -3) - (-1 + -2 + 7)
-9
Evaluate (-4 + 3 + 5 - 13) + -4.
-13
What is 2 + 4 + (-4 - 1 - -3)?
4
Evaluate 13 + (-41 - -5) - -5.
-18
Evaluate -1 + -29 + 1 - (-69 - -56).
-16
What is the value of -51 + 59 + (1 - -4) - 21?
-8
Evaluate -6 + -14 + 21 + (8 - 15) + -6.
-12
What is the value of 5 - 6 - (4 - 16 - -8)?
3
What is -2 + (10 - (-1 - -20) - (0 - 7))?
-4
Evaluate 4 + -1 + (-11 - (-15 + -4 + 14)).
-3
18 + 6 + -20 + 3
7
What is 5 + -21 + 12 + 2?
-2
Evaluate 1 + -12 + (0 - (-6 + 2) - -2).
-5
What is the value of (5 - (-26 + 17)) + 2 + -1 + 7?
22
Calculate -615 - -646 - (2 - -8).
21
What is the value of -1 + 1 - (0 - (7 - -9))?
16
Evaluate (14 - 1) + 6 + -8.
11
Evaluate (-49 - -103) + (-1 - 26).
27
Calculate (10 - 14) + (8 - 9 - 17).
-22
What is -5 - (4 + -8 - -13 - (13 - 12))?
-13
(1 - 20) + 65 + -54
-8
What is -23 + 28 - 5 - (-3 - 4 - -2)?
5
Evaluate -20 - 1 - (49 + -88).
18
20 + -8 - (5 + (-2 - -40))
-31
What is -1 + -4 - (-42 - -29 - -25)?
-17
What is -168 + 161 + (3 - -1)?
-3
What is the value of -8 - (-9 + 1) - 0 - (6 - -2)?
-8
What is the value of -25 + 32 - (15 + -1)?
-7
Calculate (-4 + 0 - -1) + 20 + (-48 - -34).
3
What is the value of (-15 - (30 + -60)) + -31?
-16
Calculate -37 - (29 + -48 - -7).
-25
Evaluate -6 + -5 + 8 + -4.
-7
(6 - (21 + -16) - 19) + 3
-15
What is the value of (-4 - -22) + (-135 - -141)?
24
What is -4 + (6 - 4) + 0 - -1?
-1
(1 - 5) + -30 - (15 + -22) - -7
-20
What is 18 - 4 - 12 - -1?
3
Calculate -2 - (-2 + 7 + -16 + 9).
0
Evaluate (18 - (-61 + 82)) + 1 + 16.
14
What is the value of (48 - 34 - (0 + 0)) + (2 - 9)?
7
Calculate 0 + -11 + (5 - 5) + -5.
-16
Calculate 12 - (-10 - -13 - -6).
3
3 - (3 + 5 + -12 + 8 + 9)
-10
What is -8 - 1 - (500 - 493)?
-16
3 + 0 + -4 + 1 + 5 + -4
1
What is 2 + -5 + -16 + 22 + -18?
-15
What is (-9 - -2) + 12 - (10 + -2) - -4?
1
What is the value of (-6 - -17) + -29 - -3?
-15
-40 - (-28 + 22 - 25)
-9
Evaluate (22 + -34 - 8) + 14.
-6
-18 - -1 - (9 + -7 + -1 - 8)
-10
What is -30 + 28 + 13 + -2 - 8?
1
What is (1 - 8) + (51 - 102 - -56)?
-2
-37 + (8 - -22) + -13
-20
What is the value of (-5 - 24 - -14) + 2?
-13
What is the value of -22 + (-4 - -7) + (-3 - -5) + -6?
-23
12 + (-5 - -3) + -13 + 9
6
1 - (2 - 4) - ((-4 - -1) + 18)
-12
Calculate 9 + (4 - 12 - (-15 - (-3 + -3))).
10
Calculate -9 - (1 - (2 - -2)).
-6
Evaluate 0 + (4 - 2 - (1 + 14)).
-13
What is 3 + -12 + (-5 - 2) + -6?
-22
(-3 - -6) + (-19 - -4 - -11)
-1
Evaluate 5 - (1 + 1) - (4 - 2 - 4).
5
Evaluate -12 + (-13 - (-18 + 7)) + 6.
-8
Evaluate (1 - 6) + -13 + (8 + -3 - -4).
-9
What is the value of -3 + (-10 - 5 - -9) + 5?
-4
Calculate 5 - ((-26 - -20) + 5 - 13).
19
11 + 0 + -3 - (15 - 2)
-5
11 + (13 - 2) + -12
10
-4 - (3 - 2 - 8 - -14 - 7)
-4
What is -86 + 71 + -5 - (-1 - 1)?
-18
Calculate 27 - (58 - (36 - 9)).
-4
Evaluate 23 + -4 + 2 + (8 - 7 - 0).
22
What is the value of 1 - (-9 - 1) - -14 - (-1 - -9)?
17
Evaluate 4 - (1 + 10 + (-9 - 16 - -22)).
-4
Evaluate (2 - 8) + 7 + (0 - -8).
9
What is the value of 2 - ((-3 - -1) + (1 - 1) + 28)?
-24
What is the value of 18 - (-12 + (16 - -17 - 14))?
11
Evaluate 15 - (-6 + -25 + 25).
21
Evaluate 3 + 18 + (7 - 22).
6
-1 + 2 - (1 + (6 - 13))
7
What is the value of -59 + (92 - 29) + 16 + -1?
19
Evaluate 29 + -45 + -10 + 24.
-2
(0 - -3) + (-232 - -230)
1
What is the value of 7 - (-3 - (-14 + 5 - -8))?
9
Calculate -26 + 17 + -8 + 10.
-7
Calculate (-11 + -4 - (-24 + 10)) + -1 + -4.
-6
What is the value of 5 + -2 + (-2 - -3 - 13)?
-9
What is the value of -3 + 2 - -24 - (-337 + 321)?
39
Calculate (22 - (-12 + 25)) + (1 - 12).
-2
Calculate -3 + 16 + -8 + (-5 + 21 - 15).
6
-2 - (5 + (-1 - -2 - (119 + -92)))
19
Calculate -16 - (1 + -18) - (3 - 2).
0
Calculate -8 + 2 + 8 + 10 + -4 + 5.
13
Calculate ((-2 - -8) + 3 - 5) + (-33 - -17).
-12
Calculate 0 + 13 + -8 + 6 + -25.
-14
Calculate (2 - 11) + 1 + -96 + 100 + 10.
6
-12 + 7 + 13 + -4 + -9 + -2
-7
Evaluate 9 + (-1 + 6 - (88 - 71)).
-3
What is -2 + -10 + 11 + -2 - (-1 + 13)?
-15
(-5 - -5) + (-70 - -101)
31
What is the value of -6 + 0 - (-5 - (-10 + 11))?
0
What is the value of (-33 - (8 - 28)) + 13?
0
What is -21 + 11 - (-3 - (16 - -3)) - 25?
-13
Calculate (-8 - -1) + -43 + 24 + 23.
-3
What is -1 + -10 + 14 + -1 + 0?
2
((-2 - 1) + 3 - (-24 + 21)) + -6
-3
9 - -1 - (-42 + 22 + 37) - 11
-18
Evaluate 31 + (-11 - -16) + -1 - 6.
29
(-7 + 4 - -2 - 4) + 13 + 1
9
Evaluate 1074 + -1068 + -1 + -17 + 0 + 1.
-11
Evaluate -6 + 4 - (-15 + 7 - -2).
4
Calculate (1 - -4) + (-5 - (-2 + (-4 - -8))).
-2
What is (6 - (0 - -1)) + 7?
12
Calculate (-2 + -2 - -10) + -10 + 27 + -3.
20
Calculate (20 - 1) + (-1 - 12 - (182 - 199)).
23
Calculate -6 + (-8 - 3) + (26 - 36).
-27
What is the value of -2 - (2 - 10 - 1) - (101 - 101)?
7
Evaluate (11 + -9 - -8) + -3 + 17.
24
Calculate -5 + (3 - -11) - (13 - 4).
0
(7 + -26 - -10) + 27
18
What is the value of 15 - (23 - 17 - -15)?
-6
Evaluate -7 - (-4 - 8 - 2) - 12.
-5
Evaluate 2 + (-6 - 1) + 28 + (1 - 23).
1
What is -2 + (2 - 3) + -11 + 44 + -29?
1
What is 1 + -27 - (359 - 372)?
-13
16 + -9 + (-6 + 13 - 5 - 2)
7
Calculate -32 + (-3 - -15) + -3 + -2.
-25
What i